s(x).
19
Let x = -20 - -33. Suppose -5*l - 5*p + x + 47 = 0, l - 20 = -5*p. Suppose -3*y - s - l = 2*y, -5*s + 10 = -5*y. Let j(k) = 11*k + 3. Determine j(y).
-19
Let t(y) = -y**3 - 10*y**2 - 12*y + 17. Suppose 152*c + 687 = -529. Give t(c).
-15
Let m(w) = w - 1. Let u = 27 - 22. Suppose 2*x - 1 = z, 0*x + 5*z = 4*x - u. Suppose x*c = 5*c - 10. Calculate m(c).
1
Let h(t) = -5*t**3 - 11*t**2 + 9*t + 10. Let q(n) = 12*n**3 + 23*n**2 - 18*n - 25. Let b(f) = -7*h(f) - 3*q(f). Give b(2).
11
Let x(p) be the first derivative of p**7/840 - p**6/60 + p**5/40 - p**4/12 + 15*p**3 + 66. Let g(u) be the third derivative of x(u). Calculate g(6).
16
Let q(f) = 2*f - 1. Suppose -2*v - 5*c + 20 = 7, 2*v - 2*c = 6. Let i be (-10)/v*(259/(-35) - -7). Give q(i).
1
Let y(p) = p**2 + 2*p - 3*p + 25209 - 25217. Give y(4).
4
Let j(h) = 46 - 42 - 3*h**3 + 2*h**3 - 3*h**2 + 6*h. Let f be j(-4). Let c be (90/260 + f/(-26))*0. Let y(n) = -n - 3. Give y(c).
-3
Let u(r) = -r**3 - 16*r**2 - 15*r. Let z(v) = -v**3 - 32*v**2 + 32*v - 30. Let a be z(-33). Suppose a*x - 5*t = -40, -9 = 5*x + 4*t + 70. What is u(x)?
0
Suppose 0 = 43*w - 352 + 395. Let r(v) = -4*v**2 - 4*v - 3. Determine r(w).
-3
Suppose -67*t + 64*t + 18 = 0. Suppose a = -7*j + t*j - 7, 0 = 4*j + 5*a + 23. Let c(u) = -u**3 - 13*u**2 - 11*u + 12. Calculate c(j).
0
Suppose 94*y = 88*y + 150. Let g(z) = z**3 - 23*z**2 - 47*z - 76. Let d be g(y). Let t(k) = 2*k**3 + 2*k + 1. What is t(d)?
-3
Suppose 4*j - 8 = -r - 38, 4*r = 5*j + 27. Let x(t) = -4*t - 4 + 2096*t**2 - 1 - t**3 + 1 - 2103*t**2. Give x(j).
24
Let g(x) = -x**2 - x + 18. Let n be (57/9 + (-3)/9)*(-32)/48. Determine g(n).
6
Let c = 2103 + -2104. Let d(h) = -1. Suppose 0*l = 3*l + 5*a - 13, 5*l - 3*a = -1. Let j(k) = k**3 - k - 3. Let n(o) = l*j(o) - 3*d(o). Give n(c).
0
Let z(j) = -j**3 - 10*j**2 - 10*j + 10. Suppose 5*t + 60 = -5*y, 2*y = 4*t - 3*y + 21. Give z(t).
19
Let i(t) be the third derivative of -t**6/120 + 5*t**4/24 + 11*t**3/6 - 2498*t**2. Determine i(0).
11
Let x(b) = -1 - 669045*b + 669045*b + 78*b**2. Determine x(-1).
77
Let k(m) = 2*m + 18. Let i be ((-230)/20)/23*0. Give k(i).
18
Suppose -29 = 9*i - 11. Let k(x) = -x - 12. Let r be k(-12). Let t(q) = r*q**3 - 2*q - q**3 + 0*q + 5*q - 2*q**2 + 1. What is t(i)?
-5
Let v(s) = -13*s**2 - 2*s - 1. Let x = 81 + -75. Suppose m = x - 7. What is v(m)?
-12
Let n be (3 + (-4 - 0))/(3/(-6)). Suppose 2*k - 20 = -4*w, 0 = -6*k + k - n*w + 10. Let z(y) = -y**3 + y - 3. Calculate z(k).
-3
Let r(u) = -u - 10. Let l = 87 - 46. Suppose -9*w - 8*w = -782. Let d = l - w. What is r(d)?
-5
Let l(r) = r - 15. Let o(q) = 5*q + 49. Let p(y) = -4*l(y) - o(y). What is p(-3)?
38
Let h(d) = -d - 1. Let r(c) = -2 - 2 + 4 - 3. Let v(n) = -2*h(n) + r(n). Give v(1).
1
Let f(o) = 15*o**2 - 10*o - 44. Let i(s) = -28*s**2 + 21*s + 89. Let c(w) = 15*f(w) + 8*i(w). Determine c(-16).
20
Let f(d) = d + 8. Suppose 8*m = 3*m + 10. Let w(p) = -6*p - 350. Let i be w(-61). Suppose 0 = -m*t + i - 2. Calculate f(t).
15
Let u(z) = z**3 + 11*z**2 + 10*z + 7. Let r(b) = -b**3 - 12*b**2 - 12*b - 7. Let n(i) = i**2 - 4*i - 37. Let c be n(8). Let h(t) = c*r(t) - 6*u(t). Give h(-5).
-32
Let a(q) be the third derivative of q**6/120 + q**5/15 - q**4/3 - q**3/3 + 2*q**2 + 56. Let n be a(2). Let x(p) = -3*p + 8. What is x(n)?
-10
Let y(w) = 9*w - 10. Let g(u) = 7*u - 9. Let c(h) = 5*g(h) - 4*y(h). Suppose 555*s = 580*s - 125. Give c(s).
-10
Let l(g) = -6*g + 70. Suppose -15*c - 9*c = -11*c - 130. Give l(c).
10
Let u be 63/(-49) - 4/(-14). Let z(o) be the second derivative of 11*o**3/6 + o**2/2 - 74*o. Give z(u).
-10
Let w(d) = 2080 + 2060 - 6253 + 2066 - 3*d. What is w(-15)?
-2
Let y(j) be the first derivative of j**2 - 8*j - 197. Let t(b) = -5. Let k(f) = -7*t(f) + 4*y(f). Give k(-4).
-29
Let b = -22 + 20. Let t be (b + 28/6)/((-2)/(-33)). Let u(l) = 6*l**2 - 3 + t*l - 5*l**2 - 41*l. Determine u(-4).
1
Let q(p) be the first derivative of -7*p**2/2 + 6*p + 1041. Calculate q(3).
-15
Let t(a) = -3662*a**2 + a**3 + 2550*a**2 + 1122*a**2. Let r be (-4)/3*(-15)/(-2). Determine t(r).
0
Let c(a) = -a + 1. Let u(x) = -6*x - 50. Let s(y) = -5*c(y) + u(y). Determine s(0).
-55
Let d(k) = 23*k + 137. Let r be d(-6). Let n(g) = 28*g**3 + 4*g**2 + g - 1. What is n(r)?
-26
Suppose h = 4*h - 3*f, -2 = -4*h + 5*f. Let r(o) = -o**3 - o**2 - o - 1. Let q(y) = 3*y**3 + 10*y**2 + 11*y + 5. Let z(c) = h*r(c) - q(c). Calculate z(-7).
11
Let h(l) = l**3 + 3*l**2 - 4*l + 4. Let k(g) = g**2 + 16*g + 9. Let n be k(-16). Let a(w) = 4*w - 27. Let o be a(n). Let f be (-1 - 0)/(o/36). Give h(f).
4
Let n(t) be the third derivative of 5*t**4/24 + 8*t**3/3 + 47*t**2. What is n(-8)?
-24
Let h(w) = w**2 + 4*w - 3. Let d be h(-5). Let y be 2*d/4 + -1. Let x(n) = 291976*n - 291977*n - 3836 + 3835. Calculate x(y).
-1
Suppose 15*l = 16*l + 3*i + 28, -5*i - 84 = 4*l. Let x(h) = 5*h + 77. Determine x(l).
-3
Let k(x) be the second derivative of 2*x**3/3 + 3*x**2 - 547*x. What is k(10)?
46
Let s(m) = 4 + 4*m + 5 - 3*m + 2*m. Suppose 4*u = -16, -21*u + 34 = -3*g - 22*u. Determine s(g).
-21
Let w(k) be the first derivative of 4*k**4 - k**2 + k + 2. Let m(r) = 6152*r - 36911. Let b be m(6). Calculate w(b).
15
Let c(l) be the second derivative of 3*l**5/20 + 2*l**4/3 + l**3/6 + 4*l**2 + 1727*l. Calculate c(-3).
-4
Let m(u) be the first derivative of -u**3/3 + u**2 + 9*u + 42130. Let r = 7 - 2. Determine m(r).
-6
Let o(s) = -36*s - 9. Let l be o(-6). Suppose -211*r + l*r = -12. Let m(k) be the second derivative of -5*k**3/6 + 2*k**2 - 2*k. What is m(r)?
-11
Let i(t) = -4*t**2 - 115 - 336 - t**3 + 423 - 4*t. What is i(-5)?
17
Let r(g) = -8*g**2 + 21*g**2 + 9*g**2. Let d be (750/66 - 11) + (-285)/209. What is r(d)?
22
Suppose -q + 223 = 8*r, 2*r - 15*q = -12*q + 33. Let s(p) = -p**3 + 26*p**2 + 28*p - 30. Determine s(r).
-3
Let u(z) = -8*z. Let d(x) = 75*x + 47. Let l(b) = d(b) + 9*u(b). Give l(13).
86
Suppose 4*c - f = -11, 4*c + 4 - 5 = -3*f. Let m(k) be the third derivative of k**6/120 - k**4/24 + k**3/3 - 3*k**2 - 7*k. What is m(c)?
-4
Let m be 12/42 - (-668)/14. Let k = -44 + m. Let t(w) = -12 - 10 + 24 + k*w. Give t(-4).
-14
Let y(j) = 6*j - 38. Suppose -138*z = -35*z - 116 - 296. What is y(z)?
-14
Let i(s) = -s**2 + 16*s - 2. Suppose 5*r - r = -3*q + 60, q - 15 = -r. What is i(r)?
13
Let o be -5 + (-9)/(54/(-192)). Let x(h) = -1 - h**2 - 16*h + o*h - 6*h. Calculate x(4).
3
Suppose -2*t - 41 + 47 = -4*y, -3*y + 2*t - 4 = 0. Let f(l) = 34*l + 72. Calculate f(y).
4
Let k(a) = 5 - a + 2*a - 7. Suppose 4*d - 35 = 3*g, -9*g = -13*g + 4*d - 44. Calculate k(g).
-11
Let d(y) = 3*y - 89. Let g(o) = 179*o - 358. Let b be g(2). What is d(b)?
-89
Let c(f) be the first derivative of f**5/10 + f**4/3 - 159*f - 220. Let w(v) be the first derivative of c(v). Calculate w(-3).
-18
Let b(m) = 10*m. Let f be b(-1). Let o(g) be the third derivative of g**4/8 + 7*g**3/3 - 6407*g**2. Give o(f).
-16
Let o = -12 + 15. Let q(z) = -o - 9*z + 13*z + 6. Suppose 0 = g - 321 + 324. What is q(g)?
-9
Let q(y) = 37 + 50*y**2 - 59*y**2 + 18*y + y**3 + 16*y**2. Determine q(-5).
-3
Let k(s) = -s**2 - 15*s - 10. Let q be k(-15). Let x(y) be the first derivative of y**4/4 + 11*y**3/3 + 9*y**2/2 - 3*y - 23. Determine x(q).
7
Let p = -4 + 1. Let d(a) be the third derivative of 1/12*a**4 + 0*a + 10*a**2 + 3 + 1/6*a**3. Calculate d(p).
-5
Let b be (-7*(-6)/(-12))/(1/(-2)). Let k(d) = -d**2 + 14*d - 56. Calculate k(b).
-7
Let o = -206 + 200. Let s(a) = -a**3 - 20*a**2 + 13*a + 11. Let h(g) = g**3 + 18*g**2 - 12*g - 9. Let z(q) = o*s(q) - 7*h(q). Give z(-7).
4
Let z(t) = 5*t + 4. Let f(b) = b**3 - 4*b**2 - 7*b + 12. Let y be f(5). Suppose -5*x + 5*d = -x + 6, 0 = y*d + 4. What is z(x)?
-16
Suppose 6*o - 63 = -129. Let u be (2 + 3)*(7 + 3 + o). Let j(g) = -g**2 - 4*g - 1. Give j(u).
-6
Let k(h) be the third derivative of -h**6/120 + h**5/15 + 19*h**4/24 + 5*h**3/2 + 518*h**2. Calculate k(7).
1
Let m(r) be the second derivative of -r**4/4 + r**3/6 - r**2 + 7361*r. What is m(3)?
-26
Let x be (-2)/(-1) - (-9 + -1684 + -4). Let n(b) = -x + 4*b - 5*b + 1693. Calculate n(0).
-6
Let o be 12/(-2)*(-8)/6. Let q(v) = -v**2 + 4*v - 7. Let p(j) be the third derivative of -j**4/24 - j**2 - 29*j. Let n(a) = 6*p(a) - q(a). Determine n(o).
-9
Let 